{"id":21734,"date":"2025-02-06T15:00:24","date_gmt":"2025-02-06T15:00:24","guid":{"rendered":"https:\/\/boutique.orthinea.com\/?post_type=product&#038;p=21734"},"modified":"2025-04-25T13:37:02","modified_gmt":"2025-04-25T13:37:02","slug":"fauteuil-roulant-premier-prix-avec-fonction-rollator","status":"publish","type":"product","link":"https:\/\/boutique.orthinea.com\/?product=fauteuil-roulant-premier-prix-avec-fonction-rollator","title":{"rendered":"Fauteuil roulant premier prix avec fonction rollator"},"content":{"rendered":"<p>Fauteuil roulant premier prix avec fonction rollator.<br \/>\nPour les particuliers ou les collectivit\u00e9s.<br \/>\nSans remboursement s\u00e9curit\u00e9 sociale. Si vous souhaitez un remboursement (actuellement 53,81\u20ac sur ce produit), nous transf\u00e9rerons votre commande \u00e0 un revendeur m\u00e9dical proche de chez vous.<\/p>\n<p>Un produit simple, robuste et complet, premier prix.<br \/>\nLargeur d&rsquo;assise 45cm couvrant l&rsquo;essentiel des gabarits possibles d&rsquo;utilisateurs.<br \/>\n2 finitions :<br \/>\n&#8211; grandes roues arri\u00e8re 22&Prime;, r\u00e9f\u00e9rence 271145.<br \/>\n&#8211; petites roues arri\u00e8re transit 14&Prime;, r\u00e9f\u00e9rence 271045.<br \/>\nRepose-pieds escamotables pour les transferts.<br \/>\nAccoudoirs fixes.<br \/>\nDossier pliant vers l&rsquo;arri\u00e8re pour un transport facile.<br \/>\nFreins tierce personne de s\u00e9rie. Ces fauteuils peuvent aussi \u00eatre utilis\u00e9s comme rollators, avant de s\u2019asseoir si la fatigue \u00e0 la marche se fait sentir.<\/p>\n<p>Design sobre. Personnalisations possibles \u00e0 la demande (accessoires et identifications en quadrichromie).<\/p>\n<p>D\u00e9tails des dimensions :<br \/>\nProfondeur d&rsquo;assise 40 cm.<br \/>\nHauteur d&rsquo;assise arri\u00e8re 47 &#8211; avant 50 cm.<br \/>\nLargeur totale 62,4 cm ou 66,3 cm avec les grandes roues.<br \/>\nLongueur totale 75 cm ou 80 cm avec les grandes roues, plus 25cm avec les repose-pieds en place.<br \/>\nDossier inclin\u00e9 de 10\u00b0.<br \/>\nPoids 12,1 kg ou 16 kg avec les grandes roues.<br \/>\nCharge maxi 150 kg.<\/p>\n<p><img loading=\"lazy\" decoding=\"async\" src=\"https:\/\/boutique.orthinea.com\/wp-content\/uploads\/2025\/02\/271145_04-590x600.png\" alt=\"\" width=\"590\" height=\"600\" class=\"alignnone size-medium wp-image-21733\" srcset=\"https:\/\/boutique.orthinea.com\/wp-content\/uploads\/2025\/02\/271145_04-590x600.png 590w, https:\/\/boutique.orthinea.com\/wp-content\/uploads\/2025\/02\/271145_04-1008x1024.png 1008w, https:\/\/boutique.orthinea.com\/wp-content\/uploads\/2025\/02\/271145_04-768x780.png 768w, https:\/\/boutique.orthinea.com\/wp-content\/uploads\/2025\/02\/271145_04-1511x1536.png 1511w, https:\/\/boutique.orthinea.com\/wp-content\/uploads\/2025\/02\/271145_04-416x423.png 416w, https:\/\/boutique.orthinea.com\/wp-content\/uploads\/2025\/02\/271145_04.png 1540w\" sizes=\"auto, (max-width: 590px) 100vw, 590px\" \/><\/p>\n<p><img loading=\"lazy\" decoding=\"async\" src=\"https:\/\/boutique.orthinea.com\/wp-content\/uploads\/2025\/02\/271145_03-480x600.png\" alt=\"\" width=\"480\" height=\"600\" class=\"alignnone size-medium wp-image-21732\" srcset=\"https:\/\/boutique.orthinea.com\/wp-content\/uploads\/2025\/02\/271145_03-480x600.png 480w, https:\/\/boutique.orthinea.com\/wp-content\/uploads\/2025\/02\/271145_03-768x960.png 768w, https:\/\/boutique.orthinea.com\/wp-content\/uploads\/2025\/02\/271145_03-416x520.png 416w, https:\/\/boutique.orthinea.com\/wp-content\/uploads\/2025\/02\/271145_03.png 800w\" sizes=\"auto, (max-width: 480px) 100vw, 480px\" \/><\/p>\n<p><img loading=\"lazy\" decoding=\"async\" src=\"https:\/\/boutique.orthinea.com\/wp-content\/uploads\/2025\/02\/271145_02-480x600.png\" alt=\"\" width=\"480\" height=\"600\" class=\"alignnone size-medium wp-image-21731\" srcset=\"https:\/\/boutique.orthinea.com\/wp-content\/uploads\/2025\/02\/271145_02-480x600.png 480w, https:\/\/boutique.orthinea.com\/wp-content\/uploads\/2025\/02\/271145_02-768x960.png 768w, https:\/\/boutique.orthinea.com\/wp-content\/uploads\/2025\/02\/271145_02-416x520.png 416w, https:\/\/boutique.orthinea.com\/wp-content\/uploads\/2025\/02\/271145_02.png 800w\" sizes=\"auto, (max-width: 480px) 100vw, 480px\" \/><\/p>\n<p><img loading=\"lazy\" decoding=\"async\" src=\"https:\/\/boutique.orthinea.com\/wp-content\/uploads\/2025\/02\/271145_01-480x600.png\" alt=\"\" width=\"480\" height=\"600\" class=\"alignnone size-medium wp-image-21730\" srcset=\"https:\/\/boutique.orthinea.com\/wp-content\/uploads\/2025\/02\/271145_01-480x600.png 480w, https:\/\/boutique.orthinea.com\/wp-content\/uploads\/2025\/02\/271145_01-768x960.png 768w, https:\/\/boutique.orthinea.com\/wp-content\/uploads\/2025\/02\/271145_01-416x520.png 416w, https:\/\/boutique.orthinea.com\/wp-content\/uploads\/2025\/02\/271145_01.png 800w\" sizes=\"auto, (max-width: 480px) 100vw, 480px\" \/><\/p>\n<p><img loading=\"lazy\" decoding=\"async\" src=\"https:\/\/boutique.orthinea.com\/wp-content\/uploads\/2025\/02\/271045_04-594x600.png\" alt=\"\" width=\"594\" height=\"600\" class=\"alignnone size-medium wp-image-21729\" srcset=\"https:\/\/boutique.orthinea.com\/wp-content\/uploads\/2025\/02\/271045_04-594x600.png 594w, https:\/\/boutique.orthinea.com\/wp-content\/uploads\/2025\/02\/271045_04-1014x1024.png 1014w, https:\/\/boutique.orthinea.com\/wp-content\/uploads\/2025\/02\/271045_04-768x776.png 768w, https:\/\/boutique.orthinea.com\/wp-content\/uploads\/2025\/02\/271045_04-1521x1536.png 1521w, https:\/\/boutique.orthinea.com\/wp-content\/uploads\/2025\/02\/271045_04-416x420.png 416w, https:\/\/boutique.orthinea.com\/wp-content\/uploads\/2025\/02\/271045_04-100x100.png 100w, https:\/\/boutique.orthinea.com\/wp-content\/uploads\/2025\/02\/271045_04.png 1536w\" sizes=\"auto, (max-width: 594px) 100vw, 594px\" \/><\/p>\n<p><img loading=\"lazy\" decoding=\"async\" src=\"https:\/\/boutique.orthinea.com\/wp-content\/uploads\/2025\/02\/271045_03-480x600.png\" alt=\"\" width=\"480\" height=\"600\" class=\"alignnone size-medium wp-image-21728\" srcset=\"https:\/\/boutique.orthinea.com\/wp-content\/uploads\/2025\/02\/271045_03-480x600.png 480w, https:\/\/boutique.orthinea.com\/wp-content\/uploads\/2025\/02\/271045_03-768x960.png 768w, https:\/\/boutique.orthinea.com\/wp-content\/uploads\/2025\/02\/271045_03-416x520.png 416w, https:\/\/boutique.orthinea.com\/wp-content\/uploads\/2025\/02\/271045_03.png 800w\" sizes=\"auto, (max-width: 480px) 100vw, 480px\" \/><\/p>\n<p><img loading=\"lazy\" decoding=\"async\" src=\"https:\/\/boutique.orthinea.com\/wp-content\/uploads\/2025\/02\/271045_02-480x600.png\" alt=\"\" width=\"480\" height=\"600\" class=\"alignnone size-medium wp-image-21727\" srcset=\"https:\/\/boutique.orthinea.com\/wp-content\/uploads\/2025\/02\/271045_02-480x600.png 480w, https:\/\/boutique.orthinea.com\/wp-content\/uploads\/2025\/02\/271045_02-768x960.png 768w, https:\/\/boutique.orthinea.com\/wp-content\/uploads\/2025\/02\/271045_02-416x520.png 416w, https:\/\/boutique.orthinea.com\/wp-content\/uploads\/2025\/02\/271045_02.png 800w\" sizes=\"auto, (max-width: 480px) 100vw, 480px\" \/><\/p>\n<p><img loading=\"lazy\" decoding=\"async\" src=\"https:\/\/boutique.orthinea.com\/wp-content\/uploads\/2025\/02\/271045_01-480x600.png\" alt=\"\" width=\"480\" height=\"600\" class=\"alignnone size-medium wp-image-21726\" srcset=\"https:\/\/boutique.orthinea.com\/wp-content\/uploads\/2025\/02\/271045_01-480x600.png 480w, https:\/\/boutique.orthinea.com\/wp-content\/uploads\/2025\/02\/271045_01-768x960.png 768w, https:\/\/boutique.orthinea.com\/wp-content\/uploads\/2025\/02\/271045_01-416x520.png 416w, https:\/\/boutique.orthinea.com\/wp-content\/uploads\/2025\/02\/271045_01.png 800w\" sizes=\"auto, (max-width: 480px) 100vw, 480px\" \/><\/p>\n","protected":false},"excerpt":{"rendered":"<p>Fauteuil roulant premier prix avec fonction rollator. Pour les particuliers ou les collectivit\u00e9s. Sans remboursement s\u00e9curit\u00e9 sociale. Si vous souhaitez un remboursement (actuellement 53,81\u20ac sur ce produit), nous transf\u00e9rerons votre commande \u00e0 un revendeur m\u00e9dical proche de chez vous. Un produit simple, robuste et complet, premier prix. Largeur d&rsquo;assise 45cm couvrant l&rsquo;essentiel des gabarits possibles [&hellip;]<\/p>\n","protected":false},"featured_media":21730,"comment_status":"open","ping_status":"closed","template":"","meta":[],"product_brand":[],"product_cat":[44],"product_tag":[],"class_list":{"0":"post-21734","1":"product","2":"type-product","3":"status-publish","4":"has-post-thumbnail","6":"product_cat-fauteuls_roulants","8":"first","9":"instock","10":"taxable","11":"shipping-taxable","12":"purchasable","13":"product-type-variable"},"jetpack_sharing_enabled":true,"_links":{"self":[{"href":"https:\/\/boutique.orthinea.com\/index.php?rest_route=\/wp\/v2\/product\/21734","targetHints":{"allow":["GET"]}}],"collection":[{"href":"https:\/\/boutique.orthinea.com\/index.php?rest_route=\/wp\/v2\/product"}],"about":[{"href":"https:\/\/boutique.orthinea.com\/index.php?rest_route=\/wp\/v2\/types\/product"}],"replies":[{"embeddable":true,"href":"https:\/\/boutique.orthinea.com\/index.php?rest_route=%2Fwp%2Fv2%2Fcomments&post=21734"}],"wp:featuredmedia":[{"embeddable":true,"href":"https:\/\/boutique.orthinea.com\/index.php?rest_route=\/wp\/v2\/media\/21730"}],"wp:attachment":[{"href":"https:\/\/boutique.orthinea.com\/index.php?rest_route=%2Fwp%2Fv2%2Fmedia&parent=21734"}],"wp:term":[{"taxonomy":"product_brand","embeddable":true,"href":"https:\/\/boutique.orthinea.com\/index.php?rest_route=%2Fwp%2Fv2%2Fproduct_brand&post=21734"},{"taxonomy":"product_cat","embeddable":true,"href":"https:\/\/boutique.orthinea.com\/index.php?rest_route=%2Fwp%2Fv2%2Fproduct_cat&post=21734"},{"taxonomy":"product_tag","embeddable":true,"href":"https:\/\/boutique.orthinea.com\/index.php?rest_route=%2Fwp%2Fv2%2Fproduct_tag&post=21734"}],"curies":[{"name":"wp","href":"https:\/\/api.w.org\/{rel}","templated":true}]}}